001032?
20001000
In base 10, what is 122728 + 3?
122731
In base 15, what is -7235 - -6?
-722e
In base 9, what is -20 + -18876?
-20006
In base 9, what is 13 - 1634?
-1621
In base 12, what is 514b - 3?
5148
In base 12, what is 1 + a026?
a027
In base 10, what is -714 + -561?
-1275
In base 10, what is -4 + -437678?
-437682
In base 15, what is 1ea276 + -2?
1ea274
In base 7, what is 115022 - 1?
115021
In base 9, what is -6 - -1084?
1077
In base 3, what is 12110000 + -21020?
12011210
In base 10, what is 1 + -75031?
-75030
In base 10, what is 1 - 3209?
-3208
In base 4, what is 11023 - -120020?
131103
In base 16, what is 1f1da - 4?
1f1d6
In base 12, what is -2 - -64ab?
64a9
In base 16, what is -6f798 + 3?
-6f795
In base 4, what is 1001 + -21033?
-20032
In base 11, what is 1342 + 38?
137a
In base 12, what is -45a01 - -2?
-459bb
In base 4, what is -110331 - -31?
-110300
In base 10, what is 148705 + 9?
148714
In base 14, what is 7 + 3a2d0?
3a2d7
In base 8, what is 5163 - -261?
5444
In base 7, what is -2011 + 445?
-1233
In base 10, what is 3 - 35177?
-35174
In base 11, what is 5 + -171a2?
-17198
In base 12, what is 32ba9 - -5?
32bb2
In base 14, what is -2 - 1075b4?
-1075b6
In base 3, what is 2 + -21122111?
-21122102
In base 15, what is -4 - -174e3?
174de
In base 4, what is 3332031 + 2112?
10000203
In base 11, what is -8253 - 54?
-82a7
In base 16, what is -7 - 1891?
-1898
In base 11, what is 31031 + -7?
31025
In base 12, what is 5 + 3427?
3430
In base 6, what is 135450 + -1251?
134155
In base 2, what is -1001011011 + -110011000000?
-111100011011
In base 12, what is -64 + 3289?
3225
In base 5, what is -11 + 4213342?
4213331
In base 3, what is -101000002111 + 12?
-101000002022
In base 3, what is -121212 - -20222?
-100220
In base 12, what is -3 - 21760a?
-217611
In base 15, what is 1787 + 2a4?
1a3b
In base 11, what is 1 - -19032?
19033
In base 15, what is -19b936 + -5?
-19b93b
In base 8, what is 61 - 13013?
-12732
In base 11, what is 17 - -9?
25
In base 3, what is -10002021 + 10?
-10002011
In base 15, what is -1 + 55e9?
55e8
In base 11, what is 39614 - -2?
39616
In base 5, what is 10 - 220233?
-220223
In base 5, what is -313341434 - -2?
-313341432
In base 4, what is 322 + 233311?
300233
In base 9, what is -3615586 - -5?
-3615581
In base 12, what is -16845 - -3?
-16842
In base 15, what is 14979 - -3?
1497c
In base 12, what is -4 - -11526?
11522
In base 16, what is 1d1 - -5d?
22e
In base 8, what is 113625 - -24?
113651
In base 2, what is -100000 + -11111011011101?
-11111011111101
In base 14, what is -6 - 2380?
-2386
In base 16, what is -8bba - 2?
-8bbc
In base 13, what is -6 - -19?
13
In base 4, what is 120012013 + 130?
120012203
In base 12, what is -161b2 + -6?
-161b8
In base 12, what is -752 + 4?
-74a
In base 16, what is 3dac + -a8?
3d04
In base 8, what is 3 + 1365706?
1365711
In base 13, what is -828 + -11?
-839
In base 8, what is 15432 - -613?
16245
In base 9, what is -182525 + 4?
-182521
In base 13, what is 2209 - -31?
223a
In base 15, what is -70609 + 4?
-70605
In base 6, what is -4 - 255255?
-255303
In base 11, what is 127555 + 0?
127555
In base 8, what is -146 - 4625?
-4773
In base 3, what is -20221222 + 120?
-20221102
In base 11, what is -12 - -1065?
1053
In base 10, what is -598 + 6?
-592
In base 11, what is 1245 + -9?
1237
In base 10, what is 6940 + 32?
6972
In base 14, what is -b8669 - -5?
-b8664
In base 6, what is 533 - -15101?
20034
In base 14, what is 263 - 1b7?
8a
In base 10, what is -1654 - -11?
-1643
In base 8, what is 4 - 4411?
-4405
In base 8, what is -20 + -4360?
-4400
In base 4, what is 203111121 - 23?
203111032
In base 5, what is -1322 - 1202?
-3024
In base 12, what is 4b - 24a?
-1bb
In base 9, what is 377 - 202?
175
In base 4, what is 110333 - 30213?
20120
In base 2, what is 1000101100 - 1001001110001?
-1000001000101
In base 4, what is -3120230100 + 2?
-3120230032
In base 15, what is -16 - -61c?
606
In base 2, what is 1011001100101011010 - 100?
1011001100101010110
In base 4, what is -1031 - -11003212?
11002121
In base 2, what is 101111010111 - -1100100?
110000111011
In base 12, what is a96 - 14a?
948
In base 2, what is 1000001111 + -100011?
111101100
In base 9, what is -12 - 86767?
-86780
In base 5, what is -1431 - 34012?
-40443
In base 10, what is 690 - -16?
706
In base 13, what is 3 + 62b6?
62b9
In base 10, what is 936 + 500?
1436
In base 3, what is 100201 + 20000111?
20101012
In base 7, what is -4 + 113255?
113251
In base 12, what is -32 + -106b?
-10a1
In base 4, what is 2002 + -10013?
-2011
In base 9, what is -32137 + -16?
-32154
In base 4, what is -3013210 + -10313?
-3030123
In base 14, what is 397c1c - -1?
397c1d
In base 9, what is -61 + 306?
235
In base 5, what is -10402213 + -13?
-10402231
In base 2, what is -1 + -10111011?
-10111100
In base 14, what is -1 + b5a7?
b5a6
In base 14, what is -16ba4 - 6?
-16baa
In base 15, what is -20882 - -8?
-20879
In base 9, what is -2 - 2083?
-2085
In base 14, what is 33 - -dcd9?
dd2c
In base 8, what is 1506 - 2?
1504
In base 12, what is 3602 - -9?
360b
In base 7, what is 10343 - -1323?
11666
In base 13, what is -13228 + 6?
-13222
In base 3, what is -21 - -121111?
121020
In base 9, what is -68 - -7136?
7057
In base 10, what is 4 + -644403?
-644399
In base 8, what is 0 + 61403?
61403
In base 11, what is 2722 - -51?
2773
In base 10, what is -248 - 9?
-257
In base 13, what is -186b - c8?
-1966
In base 9, what is 37 + 812?
850
In base 11, what is 4a + 183?
222
In base 4, what is 2322131121 - -11?
2322131132
In base 2, what is -111000111110110 - -10?
-111000111110100
In base 7, what is 223 + 114510?
115033
In base 3, what is -100001102 - -11221?
-22212111
In base 9, what is 43146 - -27?
43174
In base 9, what is -68 - 63?
-142
In base 11, what is 44 + -3908?
-3874
In base 3, what is -10122221 + -201?
-10200122
In base 15, what is 5 - -3ee8?
3eed
In base 10, what is -22 - -48037?
48015
In base 15, what is -4 - -22a8?
22a4
In base 10, what is -2 + -1431?
-1433
In base 6, what is -1031204 + -2?
-1031210
In base 12, what is -8 + 477?
46b
In base 3, what is 0 + 202111210022?
202111210022
In base 11, what is -21258 + 173?
-21095
In base 9, what is 1733 + -11?
1722
In base 3, what is 11 - -220121110?
220121121
In base 8, what is 3125 + -1?
3124
In base 9, what is -17254 + 38?
-17215
In base 9, what is -60 - 2411?
-2471
In base 15, what is -6a54d + -3?
-6a551
In base 4, what is -330323 + -11?
-331000
In base 9, what is -305 + 4028?
3623
In base 15, what is 8 - b8d?
-b85
In base 14, what is -6 - 16ac2?
-16ac8
In base 15, what is -7306 + -2?
-7308
In base 8, what is 63142 - 1?
63141
In base 8, what is 3 + -37525?
-37522
In base 13, what is 13121 - -3?
13124
In base 9, what is -553 + -530?
-1183
In base 10, what is 296140 - -9?
296149
In base 16, what is -7823 - 5?
-7828
In base 4, what is -2132332122 - 3?
-2132332131
In base 13, what is -21c61a - 2?
-21c61c
In base 8, what is -347075 - -32?
-347043
In base 14, what is -356488 + -1?
-356489
In base 2, what is -100 - -1001010010001010?
1001010010000110
In base 16, what is d + 11ef7?
11f04
In base 14, what is 0 + -1879?
-1879
In base 10, what is 347419 + -2?
347417
In base 11, what is 339 + -2815?
-2487
In base 16, what is 3854f - 10?
3853f
In base 14, what is -9b2 - 6?
-9b8
In base 7, what is 1214 - 5?
1206
In base 10, what is -178145 - 5?
-178150
In base 5, what is -2333 + 1010?
-1323
In base 9, what is -18 + -6384?
-6413
In base 14, what is -a3830 + 3?
-a382b
In base 8, what is -153546 - -5?
-153541
In base 6, what is 203042 - 2?
203040
In base 14, what is b + -14c3?
-14b6
In base 10, what is -39862 + 1?
-39861
In base 8, what is -143 - 2057?
-2222
In base 5, what is 212 + 1120012?
1120224
In base 15, what is -34 + -3e2?
-426
In base 10, what is 244 + 97?
341
In base 6, what is 54 - 40022?
-35524
In base 8, what is -204 - 26?
-232
In base 15, what is -2157 - 22?
-2179
In base 8, what is -412460 - 1?
-412461
In base 10, what is 2385 + -186?
2199
In base 9, what is -4387 - 61?
-4458
In base 6, what is -1441223 - 4?
-1441231
In base 16, what is 12 - -2b901?
2b913
In base 7, what is 1 - -252613?
252614
In base 15, what is 91b + -3?
918
In base 6, what is 15 + -2041?
-2022
In base 8, what is 66 + -515?
-427
In base 12, what is 5 - -336a3?
336a8
In base 7, what is